7*h - 3*h - 36. Calculate the remainder when p is divided by h.
8
Suppose -4*l - 19 = -p + 12, -69 = -4*p + 5*l. Suppose 0 = 20*w + 171 - 1031. What is the remainder when w is divided by p?
10
Suppose 3*j - d - 411 = 0, -5*j + 797 = 3*d + 112. Suppose 3*l + 4*f = 71, j = 5*l - 4*f + 8. What is the remainder when l is divided by 13?
12
Let q be (246/(-15))/(4/(-10)). Suppose -i = -2*i + q. Suppose 2*g + 0*g - 22 = 0. Calculate the remainder when i is divided by g.
8
Let f(z) = z**2 - z - 31. Calculate the remainder when ((-291)/(-3))/(1 - 0) is divided by f(8).
22
Suppose -f + 10 = -i, 4*f - 27 = -5*i + 22. What is the remainder when -12 + 10 + (-65)/(-1) is divided by f?
8
Suppose 4*t - 3*t = 0. Suppose 27 = -t*v + 3*v. What is the remainder when 35 is divided by v?
8
Suppose -3*u - 19 = 17. Let p = u + 20. Calculate the remainder when 21 is divided by p.
5
Let h(v) = -1 + 2 - 4*v + 0 - 3. Calculate the remainder when 40 is divided by h(-4).
12
Suppose 23 + 3 = n. Calculate the remainder when 102 is divided by n.
24
Let b = 61 - 21. Let f = 167 - 111. Suppose 0*s + 4*s - f = 0. Calculate the remainder when b is divided by s.
12
Let j(w) = -w**3 - 4*w**2 + 3*w + 3. Let y = 29 + 8. What is the remainder when y is divided by j(-5)?
11
Let b(l) = -l + 2. Let r be b(4). Let x be 9/(-6)*r + 1. Suppose 2*v = -x*w + 24, 2*w = 5*v + w - 49. Calculate the remainder when v is divided by 4.
2
Suppose 84 = 5*y - 16. Suppose -4*i = 5*j - y, 0 = -2*i - 3*i + 4*j + 25. What is the remainder when 18 is divided by i?
3
Let g = -115 - -218. Calculate the remainder when g is divided by 26.
25
Suppose p - 48 - 5 = 0. What is the remainder when p is divided by 3 + -8 + 2 - -17?
11
Suppose -4*a + 3*r + 8 = -39, -2*r - 22 = -2*a. What is the remainder when 69 is divided by a?
13
Suppose -g = -4*f - 48 + 133, -4*g + 101 = 5*f. What is the remainder when 38 is divided by f?
17
Suppose 5 = 3*k - 19. Suppose -k = 2*m - 36. What is the remainder when 25 is divided by m?
11
Suppose h - 2 = 3. Suppose 2*v = n, 6*v = -h*n + 2*v + 14. Calculate the remainder when n is divided by 1.
0
Suppose -3*s = -3*h - 2*h + 11, -5*h = -4*s - 8. What is the remainder when 16 is divided by h?
0
Suppose -8*u + 210 = -5*u. Suppose -3*w + 2*s + 66 = -8, -5*w = -3*s - 123. Calculate the remainder when u is divided by w.
22
Suppose -4 = -2*z - 232. Let o be 1/3 + z/(-9). Let l = 24 - o. Calculate the remainder when 31 is divided by l.
9
Let a = -37 - -54. Calculate the remainder when 66 is divided by a.
15
Let o(r) = -2*r + 7. Let u = -9 - -14. Suppose -20 = u*l + 10. Calculate the remainder when 56 is divided by o(l).
18
Let x be (1/2)/(2/(-20)). Let t(w) = -w**2 - 5*w + 4. Calculate the remainder when t(x) is divided by 3.
1
Let v = 26 - 4. Let t(g) = 14*g**2 + 3*g. Let s be t(-2). Suppose -5*f = -25, -f + s = 5*c + f. Calculate the remainder when v is divided by c.
6
Suppose -7*b = -b - 198. What is the remainder when b is divided by 18?
15
Let t = -59 - -157. What is the remainder when t is divided by 25?
23
Calculate the remainder when 1/3*0 - (-5 - 31) is divided by 10.
6
Let w be (-4)/(-12)*(1 - -8). Suppose -5*m - w*d + 5*d = -158, 5*d + 20 = 0. Calculate the remainder when m is divided by 66/4*4/6.
8
Let h(s) = s**2 - 8*s + 3. Let q be h(8). Suppose 0 = q*g - 2*g - 98. Let u = g + -43. Calculate the remainder when u is divided by 19.
17
Let g = 14 - -2. Calculate the remainder when 45 is divided by g.
13
Calculate the remainder when 19 is divided by (-2875)/(-225) + ((-16)/(-18))/4.
6
Let o(v) = -v**2 + 5*v - 2. Let w(i) = -1. Let l(c) = o(c) - w(c). Let g(h) = -3*h. Calculate the remainder when l(4) is divided by g(-1).
0
Suppose -140 = -4*d + 84. What is the remainder when d is divided by 12?
8
Suppose 147 = -38*u + 39*u. Calculate the remainder when u is divided by 37.
36
Let m = 21 - 17. What is the remainder when m is divided by 2?
0
Let y(g) = -g**2 + 7*g + 4. Let j be y(6). Suppose -2*a + 14 = 4*t, -3*t - j = -5*a - 1. Suppose 3 = 3*k - t*k. What is the remainder when k is divided by 2?
1
Suppose w - 2 = 3. Suppose -2*c - 70 = -4*l, -76 = -4*l - c + w*c. Let m(a) = -8*a - 26. Calculate the remainder when l is divided by m(-4).
4
Suppose 5*y + 5 = 295. Let k = -12 + y. Calculate the remainder when k is divided by 12.
10
Suppose -9 = -4*v + 3. Suppose -6*h + h = 15, 4*h = -v*p + 39. What is the remainder when p is divided by 6?
5
Let u = 48 + -24. Calculate the remainder when u is divided by 14.
10
Let q(p) = -p**2 - 14*p + 14. Calculate the remainder when 32 is divided by q(-14).
4
Let g(q) = -16*q - 1. What is the remainder when g(-2) is divided by 8?
7
Let t = 32 + -27. Suppose 3*r + 2*r - 4*w = 10, -t*r + 5*w = -5. What is the remainder when 10 is divided by r?
4
Suppose -3*m + 156 = 45. Calculate the remainder when m is divided by 20.
17
Suppose 0*f = 3*f - 39. Calculate the remainder when 48 is divided by f.
9
Calculate the remainder when 42 is divided by (-21)/(-1) + (2 - 0).
19
Suppose -3*q - 30 + 102 = 0. What is the remainder when q is divided by 7?
3
Let y = -56 - -100. What is the remainder when y is divided by 16?
12
Let l = -1 - -53. Calculate the remainder when l is divided by 18.
16
Let o(v) = -v**2 + 20*v + 23. Let x(l) = -l**2 + 8*l - 8. Calculate the remainder when x(6) is divided by o(21).
0
Let i = 12 + -3. Suppose 6*q = i*q - 57. Calculate the remainder when 73 is divided by q.
16
Let y(u) = 24*u**2 - 5. Let q be y(4). Suppose 5*k + 19 = q. Calculate the remainder when k is divided by 15.
12
Let u = -23 - -46. What is the remainder when u is divided by 12?
11
Suppose -j + 50 = 3*f - 8*f, -5*j - 4*f + 105 = 0. Suppose -2*m + 7*m = j. What is the remainder when m is divided by (6/(-4))/(2/(-4))?
2
Let u(c) = c**2 - 6*c - 1. Let i be u(-5). Let g = i - 36. Calculate the remainder when g is divided by 10.
8
Suppose 0*q + 5*q = 195. Calculate the remainder when 113 is divided by q.
35
Let d be (-3)/2 + 4/(-8). Calculate the remainder when 64 is divided by (-154)/(-21)*(5 + d).
20
Let n = 1 + 1. Calculate the remainder when 5 is divided by (0 - 3)*n/(-3).
1
Let r(l) = 18*l**2 + l + 1. What is the remainder when 67 is divided by r(-1)?
13
Let f = 76 - 40. What is the remainder when 143 is divided by f?
35
Let w(y) = -y**3 - 7*y**2 - 10*y - 13. What is the remainder when 65 is divided by w(-6)?
10
Let h(i) be the second derivative of i**4/12 - 5*i**3/6 - 5*i**2 + i. Let v = -13 - -23. Calculate the remainder when v is divided by h(7).
2
Suppose 4*l = -4*a + 104, -3*l - 5*a = -12 - 70. Calculate the remainder when l is divided by 4.
0
Suppose -4*n = -5*p + 216, -2*n + 1 = -n. What is the remainder when p is divided by 15?
14
Let a = 16 - 12. Suppose -a*t + 322 = 110. What is the remainder when t is divided by 14?
11
What is the remainder when 31 is divided by ((-18)/15)/((-6)/40)?
7
Suppose 54 = -634*w + 637*w. Suppose 39 = 5*t - 221. Calculate the remainder when t is divided by w.
16
Let i(u) = 4*u**2 - 5*u + 6. Let v be i(6). Suppose -2*q = -v + 20. Suppose a - q = -4*a. What is the remainder when 19 is divided by a?
9
Let n = 16 + -11. Suppose 12 = n*p - 18. Let i(f) = -2*f + 1. Calculate the remainder when i(-8) is divided by p.
5
Suppose -2*s + 4 = -10. Suppose -2*z - 2*z = -80. Calculate the remainder when z is divided by s.
6
Suppose q = 5 - 3. Suppose a - 3 = q. Suppose -109 = a*l - 279. Calculate the remainder when l is divided by 12.
10
Let x(a) = -10*a**2 - 2*a - 1. Let n be x(-1). Let s = 13 + n. Suppose -s*i = p + p - 36, -3*i - 2*p + 29 = 0. What is the remainder when 12 is divided by i?
5
Let u = -50 - -70. Calculate the remainder when 39 is divided by ((-5)/2 - -3)*u.
9
Suppose -2*n - n + 57 = 0. Suppose 5*v = 5*r - 185, -r + 7*v - 2*v = -49. Calculate the remainder when r is divided by n.
15
Let u = 8 + -2. Suppose 0 = 3*x - 3 - 21. What is the remainder when x is divided by 33/6 - 3/u?
3
Suppose 3*o + 6 = 3*f + 5*o, 2*o - 4 = -2*f. Suppose u + 3*x - 23 = 0, x - 53 = -2*u + f*x. What is the remainder when u is divided by 9?
8
Let s be (0 - -3) + 1 - 0. Let f = 18 + s. Let u(k) = -k**3 - 4*k**2 - 3*k. What is the remainder when f is divided by u(-4)?
10
Let z = 1 + 13. Let r be 1336/18 - z/63. Calculate the remainder when 15 is divided by r/9 - (-4